ate the remainder when r is divided by f.
10
Suppose -4*k + 8 = -2*k. Suppose q = -0 + 3, -5*q + 23 = k*i. Suppose 2*v = i*f + 30, -v - 4*f + 44 = 3*v. Calculate the remainder when 38 is divided by v.
12
Let z(x) = 5*x**2 + x. Let w be z(-1). Suppose o = -w + 12. Calculate the remainder when o is divided by 3.
2
Suppose 3*r + 110 = 8*r. What is the remainder when r is divided by 12?
10
Suppose -5*n = -309 + 94. Let j(t) = 6*t + 3. Let o be j(-3). Calculate the remainder when n is divided by (o/(-2))/(1/2).
13
Suppose 8*f - 13 = 4*x + 3*f, -3*x + 4*f = 11. Suppose 5*n = x*n + 30. What is the remainder when n is divided by (24/15)/((-1)/(-5))?
7
Let l = 12 - 9. Suppose 4*q = -l*t - t + 192, -3*t - 144 = -3*q. Suppose 2*d = -d + q. Calculate the remainder when d is divided by 6.
4
Let w = -12 - -14. Suppose 2*p = -2*z + 8, -2*p - w = -3*z - 7*p. What is the remainder when z is divided by 4*1 + (1 - 1)?
1
Suppose 2*z + 74 = -0*z. Let l = 71 + z. Let d = l - 11. What is the remainder when 45 is divided by d?
22
Let k = 1 - 3. Let w(i) = -i**2 + i. Let t(m) = -m**2 + 2*m + 8. Let u(s) = k*w(s) + t(s). Calculate the remainder when 14 is divided by u(0).
6
Suppose -k = -8 - 0. What is the remainder when k is divided by 6?
2
Suppose h + 0*h = 22. What is the remainder when 64 is divided by h?
20
Let b(s) = 24*s**2 - 2*s - 2. Calculate the remainder when b(-2) is divided by 25.
23
Let s be (2/1)/((-4)/(-38)). Suppose 0*o = o - s. Calculate the remainder when o is divided by 10.
9
Suppose d - 7 - 12 = 0. Let h = d - 11. Calculate the remainder when 14 is divided by h.
6
Let u = 77 + -127. Calculate the remainder when ((-2)/(-3))/(2/111) is divided by u/(-4) + (-2)/(-4).
11
What is the remainder when (-16)/40 + (-524)/(-10) is divided by 14?
10
Calculate the remainder when 65 is divided by 2*(3 - 2*-7).
31
Suppose -i = -0*i - 2*u - 9, -4*i - 3*u + 14 = 0. What is the remainder when 18 is divided by i?
3
Let p = -1 - -5. Let w(l) = -2*l**3 + l**3 - p*l**2 + 2*l**2 + 4*l. What is the remainder when w(-4) is divided by 9?
7
Let u(x) = -3*x**3 - x**2 + x - 1. Let d be u(1). What is the remainder when (d - -14)/(1/2) is divided by 11?
9
Let b(j) = 6*j - 2. Let u(g) = -g**2 + 8*g - 3. Let w be u(8). Let z = w - -11. Calculate the remainder when b(4) is divided by z.
6
Let d be 0*(-3)/3 + 10. Suppose w = 1 + d. What is the remainder when 21 is divided by w?
10
Let a(g) = -g**2 + 5*g + 7. Let p be a(5). Let j = 4 - p. Calculate the remainder when 120/9 - (-1)/j is divided by 7.
6
Let l be 17 - (0 + 1) - -2. Suppose -l = -f - 5. Suppose 5*j = -s + 12, -49 = -3*s + 3*j + 77. What is the remainder when s is divided by f?
11
Calculate the remainder when ((-5)/(-3))/((-3)/(-36)) is divided by 11.
9
Let c = 42 + -29. Let h = -9 + c. What is the remainder when 14 is divided by h?
2
Calculate the remainder when (-2)/8 + (-1488)/(-64) is divided by 7.
2
Suppose -3*m + r = -4*r + 25, 2*m - 5*r + 15 = 0. Let w = 6 + m. Let g = w - -5. Calculate the remainder when 2 is divided by g.
0
Suppose 3*z - 36 = -4*p, -3*p + 49 = 5*z - 0*p. Calculate the remainder when 30 is divided by z.
6
Let s(y) = -y**2 + 9*y + 3. Let q be s(9). Let m = 27 - q. Suppose 0 = h + 2*l - 15, -5*h + 69 = -2*l + 6. What is the remainder when m is divided by h?
11
Let x(r) = -r**2 - 7*r - 3. Let l be x(-6). Suppose -4*b = -l*y + 7, -4*b + 5*b = -4*y + 41. Calculate the remainder when 16 is divided by y.
7
Let i = -14 + 31. What is the remainder when 48 is divided by i?
14
Calculate the remainder when (-236)/(-10)*(-20)/(-8) is divided by 20.
19
Suppose 3*j + 53 = 5*i, -4*i + 23 = 4*j - 45. Suppose 3*m + 5*d - 97 = 0, 3*d = -0*d + 15. What is the remainder when m is divided by i?
11
Let c(q) = -9*q + 2. Let n be c(-2). Let j = 38 - n. What is the remainder when 34 is divided by j?
16
What is the remainder when 29 is divided by (-26)/(-2) - 0 - 3?
9
Let n = 128 + -91. Calculate the remainder when 73 is divided by n.
36
Let t be 468/33 + 4/(-22). Let k be 3/5 + t/10. Suppose 2*b + 3*q = 31, k*b - 5*q - 10 = 13. What is the remainder when 41 is divided by b?
13
Let z(x) = x**2 + 3*x. Suppose 11 = -2*l - p, -2*p = 4*l - 4*p + 2. Let r be z(l). Let d = r - -22. What is the remainder when d is divided by 6?
4
Suppose -3*d + 9 = -99. What is the remainder when d is divided by 13?
10
Suppose 0 = 4*v + 16, -4*k - v = -209 + 17. What is the remainder when k is divided by 25?
24
Suppose v = 9 - 2. Let i be 8/(-28) - (-2)/v. Suppose -3*o + o + 30 = i. Calculate the remainder when o is divided by 8.
7
Let u = 59 + -40. Calculate the remainder when 55 is divided by u.
17
Calculate the remainder when (2 - 9/6)*14 is divided by 4*-2*(-1)/2.
3
Suppose -4*p - 21 = -d, 0 = -d + 2*d - 2*p - 11. Let o = 5 + -11. Calculate the remainder when 10 is divided by (-3 - o)/(d/2).
4
Suppose -j = -2*b + 1, -2*j = b - 4*j - 2. Suppose b = 4*a + 4*g - 20, a = -2*a - 4*g + 11. What is the remainder when 25 is divided by a?
7
Let l = 11 - 3. What is the remainder when (-5)/(-10) - 58/(-4) is divided by l?
7
Let u be (-1 - -2)/(1/2). Let q = 6 - u. Suppose -4*h = -l - 5*h + 14, -h + 44 = q*l. Calculate the remainder when l is divided by 4.
2
Let y be (-4)/(-10) + (-3)/(-5). Calculate the remainder when 4 is divided by y/3 - 15/(-9).
0
Let t = -3 - -2. Let u be t + 2*2/(-4). Let y(j) = j**3 + 3*j**2 - 1. What is the remainder when 4 is divided by y(u)?
1
What is the remainder when 26 is divided by -1 + 2 - (-1 - -40)/(-3)?
12
Suppose 156 = 9*q - 3*q. Let a(k) = -6 + 38*k + 6. Calculate the remainder when a(2) is divided by q.
24
Suppose 4*n = -s - 8 + 4, 0 = -3*s. Calculate the remainder when (1 + 2)/n - -63 is divided by 16.
12
Let b = -83 - -121. What is the remainder when b is divided by 8?
6
Let k(a) = a - 2. Let h be k(5). Suppose -44 = -h*u - u. Suppose 3*g - 21 - 39 = 0. Calculate the remainder when g is divided by u.
9
Suppose -2588 = -10*x - 398. What is the remainder when x is divided by 13?
11
Let z(c) = -c**3 - 7*c**2 + 5*c - 10. Let h = 14 - 23. Let d = h - -35. Calculate the remainder when d is divided by z(-8).
12
Suppose g - 12 = -2*w, -3*w - 11*g = -13*g - 11. Calculate the remainder when 13 is divided by w.
3
Let a(l) = l + 8. Let m be a(-8). Suppose -3*w + 12 - 3 = 0. Suppose m = w*j - 27 - 6. Calculate the remainder when 21 is divided by j.
10
Suppose 4*a - 14 = 6. Suppose -a*l - 2*w + 53 = 0, -l - 5*w = 4*l - 50. Let d(j) = -j**2 - 7*j - 6. Calculate the remainder when l is divided by d(-5).
3
Let m(j) = 13*j - 7. Let t be m(-6). Calculate the remainder when t/(-4) + (-7)/28 is divided by 11.
10
Let w(v) = v**3 + 11*v**2 - 12*v + 10. Calculate the remainder when 38 is divided by w(-12).
8
Suppose -2*d + 7 = n, -4*d + 8*n = 3*n - 49. Suppose d = -b - 6. Calculate the remainder when 43 is divided by 2*5*(-18)/b.
13
Suppose -2*j + 2*l = -2*l - 22, 5*j = -l + 33. Suppose 3*q = -5*y + 21 + 11, 0 = -4*q + 5*y + 101. Calculate the remainder when q is divided by j.
5
Suppose -4*l + 176 = -0*l. What is the remainder when l is divided by 23?
21
Let q be (-1)/(-3) + (-21)/9. Suppose -4*z = z - 100. What is the remainder when z is divided by 3*(-15)/(-9) - q?
6
Suppose -2*n + 0*n + 37 = v, 3*n - 42 = 3*v. Calculate the remainder when 12/(-30) - 162/(-5) - -1 is divided by n.
16
Suppose 7 = h - 1. Calculate the remainder when 5 is divided by (h/6)/(1/3).
1
Suppose 0 = -m - 3*m - 8. Let x = 0 - m. Calculate the remainder when x is divided by 1.
0
Suppose 5*d - 236 = 2*a, 7*d = 2*d - 5*a + 215. Calculate the remainder when d is divided by 18.
10
Let j be (-2 - -3)/((-1)/(-46)). Let s = -31 + j. Calculate the remainder when s is divided by 6.
3
Let x be (-1 + (-70)/(-6))*6. Suppose b + x = 5*b. Calculate the remainder when 63 is divided by b.
15
Let x(u) = -u**2 - 11*u + 4. Let g be x(-11). Suppose g*k - 115 = -4*b + 3*k, -3*k = -4*b + 119. What is the remainder when b is divided by 8?
5
Let x(v) = v**3 + 13*v**2 + 13*v + 6. Let c be x(-12). Let s be (-4)/8 + 1/(-2). Calculate the remainder when 2 is divided by (s/(-4))/(c/(-24)).
0
What is the remainder when 25 is divided by (-20)/(-2) + 3 + 0?
12
Let k = -76 - -117. What is the remainder when k is divided by 9?
5
Suppose -6*h + 210 = -h. Let q(n) = n + 19. What is the remainder 